+ 170, 4*n = -2*t - t + 67. Let a = j + t. List the prime factors of a.
2, 7
Suppose -10*h + 10 = -12*h, 4*h = -3*a + 23365. What are the prime factors of a?
5, 1559
Let a(t) = 38 + 43*t**2 - 43 + t + 3*t**2. What are the prime factors of a(-3)?
2, 7, 29
Let a = -313 + 315. Suppose a*c + 215 = 3*c. List the prime factors of c.
5, 43
Suppose 3*h = 2*y + 24994, -7*y + 20 = -11*y. List the prime factors of h.
2, 3, 347
Suppose -279 = -7*y + 855. Let s = -44 + y. Let o = 210 - s. What are the prime factors of o?
2, 23
Let a be 2/10 + 192/40. Suppose a*s + 14 = 3*s. Let g(n) = n**3 + 10*n**2 + 5*n - 9. What are the prime factors of g(s)?
103
Let x = -49 - 42. Suppose -n + 355 = -3*v - 115, 3*n = -5*v - 788. Let h = x - v. List the prime factors of h.
2, 3, 11
Let q(l) = -l**2 + 23*l + 165. Let u be q(35). Let i = -88 - u. What are the prime factors of i?
167
Let p be (-2)/4*(-16 + 12). Let m(s) be the third derivative of s**6/60 + s**5/30 + s**4/24 + s**3/6 - 4*s**2. List the prime factors of m(p).
3
Let h = -109 - -159. Let r = h + -46. Suppose -4*l + r*c = -380, -3*c - 234 = -5*l + 239. List the prime factors of l.
2, 47
Let k be 48/(-18)*(-12)/(-16)*9. What are the prime factors of -4*(-6)/k - (-4579)/3?
5, 61
Let n = 62 - 59. Let r(h) = h**n - 171 + 184 + h**2 + 0*h**3 - 10*h. What are the prime factors of r(5)?
113
Let u(s) = -3*s**3 + 5*s**2 - 8*s - 5. Let w be u(-5). Suppose j + 0*j = w. Suppose 9*x = j - 130. What are the prime factors of x?
3, 5
What are the prime factors of 6561 + ((-48)/216)/(2/(-18))?
6563
Let w(c) be the first derivative of -c**4/4 - 8*c**3/3 + 4*c**2 - c + 334. Suppose -2*h = -4*h - 20. List the prime factors of w(h).
7, 17
Let k(m) = 3*m**3 - 5*m**2 - 5. Let q be 5 + -2 + 0/(-1 + 3). Suppose -3*j + 27 = -0*j + q*c, 5*j = 4*c. What are the prime factors of k(j)?
107
Suppose 0 = 334*q - 133*q - 4488531. What are the prime factors of q?
137, 163
Let q(g) = 62*g**2 - 5*g + 3. Suppose -4*b - 3*l - 2*l = -17, -4*b = -5*l - 7. What are the prime factors of q(b)?
2, 3, 7, 13
Let c = 33582 - 21093. List the prime factors of c.
3, 23, 181
What are the prime factors of ((-8539)/4)/((-148)/592)?
8539
Suppose 5*x - 72862 = -9822. List the prime factors of x.
2, 197
Let q = 669 + 77. What are the prime factors of q?
2, 373
Suppose 0 = -5*v - 5 - 5. Let m be -6 - (-308)/(-49) - (-6)/21. What are the prime factors of v*m/8 - -1?
2
Let m(h) = 30*h - 51. Let f be m(5). Suppose d - 3*s - f - 826 = 0, 5*d = -3*s + 4535. What are the prime factors of d?
2, 5, 7, 13
Let y(g) = 35*g - 22. Suppose 2*j + 582 = 592. What are the prime factors of y(j)?
3, 17
Suppose 0*y = 2*f + 2*y - 102, 5*f - 3*y = 247. Suppose -2*b + f = 66. What are the prime factors of (-960)/b*(-6)/(-5)?
2, 3
Suppose 5*l = -4*u + 69984, -8*l + 2*u - 41992 = -11*l. List the prime factors of l.
2, 5, 7
Suppose -j + 3 = 0, 19*c - 15*c = 4*j + 142472. List the prime factors of c.
179, 199
Suppose -5*b - 86 = -10*b - 2*o, 5*o + 49 = 4*b. Suppose 198 + 277 = 5*m - 5*n, 479 = 5*m - n. Let q = m - b. What are the prime factors of q?
2, 5
Let c(v) be the first derivative of v**3/6 - 15*v**2/2 - 9*v + 8. Let w(y) be the first derivative of c(y). List the prime factors of w(18).
3
Suppose -5*a - 341 = -356. Suppose -4*i = -2*u - 2780, -i - a*u = -955 + 274. What are the prime factors of i?
3, 7, 11
Let w(o) = -o**2 + 17*o + 2. Let p be w(18). List the prime factors of 654 - 0 - 5*p/40.
2, 41
Let p(m) = -62*m**3 - 5*m**2 + 10*m - 1. List the prime factors of p(-6).
13151
Suppose 1554720 + 979896 = 84*s. List the prime factors of s.
2, 3, 47, 107
Let i(x) = 28*x**3 - 3*x**2 - 5*x - 62. List the prime factors of i(7).
2, 3, 5, 13
Suppose 4*b - 97697 = 3*o, -3*b + 101893 = 2*o + 28633. List the prime factors of b.
2, 12211
Suppose 5*c = a - 2*a - 4105, 0 = -5*c - 2*a - 4110. Let t = -342 - c. What are the prime factors of t?
2, 239
List the prime factors of (53500/48 + (-3)/(-4))/(32/240).
5, 7, 239
Let s(f) = -125*f - 59. Let b be ((-1)/(-3))/((-745)/(-75) + -10). What are the prime factors of s(b)?
2, 283
Suppose 3*z + 10879 = q, 7398 + 14410 = 2*q + 4*z. What are the prime factors of q?
2, 13, 419
Let r = 7180 - -1627. What are the prime factors of r?
8807
Suppose 5*j - 9983 = -o, 2*j + 2*o = 1278 + 2720. Suppose 0 = -6*b + j + 2696. What are the prime factors of b?
2, 17, 23
Let l be 6/42*-2 - (-2)/7. Let r be 230 - 16 - 2*1. Suppose 5*t - 495 = -3*f, -2*t = -l*t + 4*f - r. What are the prime factors of t?
2, 3
Suppose 0 = w - 12 + 14, w - 5358 = -5*f. Suppose -18*n = -2456 - f. List the prime factors of n.
2, 7
Suppose -m - 3*f - 5805 = 0, -35*f = -4*m - 34*f - 23272. What are the prime factors of (-11)/(-55) - m/15?
2, 97
Let l = -9990 + 17209. List the prime factors of l.
7219
Let k be ((-22)/9 + 2)/((-4)/18). Suppose -b = -f + 435, k*f = -0*b + 4*b + 876. List the prime factors of (f/(-21))/(15/(-70)).
2, 3
Suppose 0 = -4*w + 11*w + 15*w. Suppose -1598 = -w*k - 4*k - g, -2*g - 4 = 0. List the prime factors of k.
2, 5
Suppose 14*u + 4 = 18*u. Let d(h) = 212*h + 3. What are the prime factors of d(u)?
5, 43
Let k(q) = -3*q - 14. Let i be k(-6). Suppose -3*h - 4 = -i*h. Suppose -5*c = 5*v - 305, h*v - c - 220 = c. List the prime factors of v.
3, 19
Let p(k) = 2*k**2 + 7. Let d be p(-2). List the prime factors of -117*12*d/(-20).
3, 13
Let n(t) = 7*t**2 + 15*t + 12. Let j = -17 + 10. List the prime factors of n(j).
2, 5
Let q be -5 + 19 + 42/(-6). List the prime factors of 584 + q + 0 + -14.
577
Let f(z) be the first derivative of -3*z**2/2 + 3*z + 79. List the prime factors of f(-7).
2, 3
Let w(h) = -82*h**2 - 5*h - 14. Let g be w(-5). Let b = -855 - g. List the prime factors of b.
2, 37
Let g = -339 + 783. List the prime factors of 2/24 + 281459/g.
2, 317
Let j = 34 + -29. Suppose 771 = -3*a + 6*a - 3*t, 3*a = j*t + 767. List the prime factors of a.
7, 37
Let m(c) = 4*c**3 - 15*c**2 - 9*c - 28. What are the prime factors of m(19)?
2, 3, 3637
List the prime factors of (6/(-5))/((-130)/(-1300)) - -9400.
2, 2347
Let f(m) be the second derivative of -m**4/12 + 3*m**3/2 - m**2 - 46*m. Let j be f(9). Let k(c) = 44*c**2 - 7*c + 4. What are the prime factors of k(j)?
2, 97
Suppose 3 - 9 = 2*z. Let d be -1105 + (z - 0 - -4). List the prime factors of 2/10 - d/30.
37
Let a(f) = 47 + 128*f - 96*f - 59*f. List the prime factors of a(-12).
7, 53
Suppose d = 4*y - 12904, -3*d + 1373 = 2*y - 5079. What are the prime factors of y?
2, 1613
Suppose 24*f - 23*f + 25166 = b, 5*b = -5*f + 125800. List the prime factors of b.
25163
Let r(z) = 3*z**2 + 57*z - 327. List the prime factors of r(18).
3, 557
Let y(c) be the second derivative of 2*c**4/3 - 2*c**3 - 26*c**2 - 115*c. What are the prime factors of y(-8)?
2, 139
Suppose -42 - 46 = -22*v. Suppose -2*h - 1881 = -v*r + 3*h, 3 = -3*h. List the prime factors of r.
7, 67
Let g be 18/(-12) - 1087/(-2). Let o = g - 324. List the prime factors of o.
2, 109
Let r = 33 - 28. Suppose r*i = 8*i - 183. List the prime factors of i.
61
Suppose -7*j = 11*j - 126. What are the prime factors of (j - (12 - 3))*(-241)/2?
241
Let i(g) = 69*g**3 + 23*g**2 - 54*g + 18. List the prime factors of i(3).
2, 3, 107
Suppose -2*j + 4*j - 192 = -2*k, -198 = -2*j - 5*k. Suppose a + 5*m = 51, 4*a - 4*m + 2*m = j. Let b(i) = i**2 - 22*i - 23. What are the prime factors of b(a)?
3
Suppose -2*m + 2 = 68. Let k = -29 - m. Suppose 0 = -k*x + 7*x - 48. List the prime factors of x.
2
Let u be (-21758)/143 + 6/39. Let t = u + 417. What are the prime factors of t?
5, 53
Let z(n) = -2*n**2 + 4*n + 2. Let k be z(1). Suppose k*c + 46*c = 18250. List the prime factors of c.
5, 73
Suppose 10*d - 15*d + 41 = -3*a, d - 2*a - 11 = 0. Suppose -d*w = -20*w + 1911. List the prime factors of w.
3, 7
What are the prime factors of 28*(-10486)/(-336) - (-3)/36*2?
2, 19, 23
Let u = 101183 + -27893. List the prime factors of u.
2, 3, 5, 7, 349
Let r(f) = -12*f - 7. Let m(j) = -6*j - 4. Let y(h) = -9*m(h) + 4*r(h). Let b be y(-1). List the prime factors of 91 + ((-1)/b - (-9)/(-6)).
89
Suppose 1205*y - 2931440 = 1125*y. List the prime factors of y.
36643
Let a(i) be the first derivative of i**4/3 + 2*i**3/3 + i**2/2 - 17*i - 10. Let f(g) be the first derivative of a(g). List the prime factors of f(3).